at is the remainder when 49 is divided by r(h)?
15
Suppose 0 = 2*p + d - 29, 0*p + 4*p + d = 61. Suppose n + 23 = 70. What is the remainder when n is divided by p?
15
What is the remainder when 28 is divided by 0 + (-3)/(9/(-30))?
8
Suppose 0 = 3*f - f. Suppose k = -f*k + 4. Calculate the remainder when k is divided by 2.
0
Calculate the remainder when 4 is divided by ((-1)/(-1))/(10/40).
0
Let s(f) = f**2 - 5*f - 5. Suppose 0 = -3*w + 9, -g - 2*w + 4 + 3 = 0. Calculate the remainder when -2 - (0 + g)*-4 is divided by s(6).
0
Let b = -26 + 31. Let v(l) = -l**2 + 6*l + 4. Calculate the remainder when 25 is divided by v(b).
7
Suppose 5*v - 12 = 73. Suppose 1 = u - 3. Suppose -u*z = -s - 10, s + z = -2*s + 22. Calculate the remainder when v is divided by s.
5
What is the remainder when 89 is divided by (23/2)/(16/32)?
20
Let t(q) = -22*q - 3. Let z be t(-8). Suppose 6 = -5*w - 2*m + z, 15 = w + 5*m. Calculate the remainder when w is divided by (-1 - (0 - 2)) + 11.
11
Let g = 89 + -65. What is the remainder when g is divided by 9?
6
What is the remainder when 31 - (0/4 + 2) is divided by 5?
4
Let p be (-4 - 32)/(-2) - -4. Suppose -39 - p = -g. Calculate the remainder when g is divided by 16.
13
Let q(f) be the first derivative of f**2 - 6*f - 7. Calculate the remainder when 10 is divided by q(5).
2
Let t(j) = j - 1. Let w be t(3). Suppose 4*s - w*s - 8 = 0. Suppose -3 = 4*x - 15. What is the remainder when s is divided by x?
1
Suppose 0 = 4*n + 20, y + 4*n + 3 + 4 = 0. Let w = y - 8. Suppose 5*m - 3*a - 105 = 0, -3*m + w*a + 61 = -m. Calculate the remainder when m is divided by 10.
8
Let d = 60 + -9. Suppose -5*b + 181 - 6 = 0. Let l = d - b. Calculate the remainder when 31 is divided by l.
15
What is the remainder when 169 is divided by ((-86)/4)/((0 - 1)/2)?
40
Let n = 3 - 12. Let r be 21/n - 2/(-6). Let t = r - -22. What is the remainder when t is divided by 11?
9
Let q = -3 - -6. Let m = 4 - q. What is the remainder when 13 is divided by 7/(1 - (-1 + m))?
6
Let s(q) be the first derivative of q**3/3 - q**2 - 10*q + 3. What is the remainder when s(7) is divided by 9?
7
Let z(a) = -a**3 + 3*a + 1. Calculate the remainder when 11 is divided by z(-2).
2
Let o = 302 - 155. What is the remainder when o is divided by 30?
27
Let m = 14 + -9. Let h(p) = 4*p - 1. Let q = -42 + 78. Calculate the remainder when q is divided by h(m).
17
Let h be -2 + 1 + -3 + -2. Calculate the remainder when 35 is divided by -2*-6*h/(-4).
17
Suppose 0 = -a - 4 - 2. Calculate the remainder when 7 is divided by 0*2/a + 5.
2
Calculate the remainder when 24 is divided by 64/4 - 2 - 1.
11
Let g = 2 - -17. Calculate the remainder when 54 is divided by g.
16
Let z be (2/(-6))/(2/6). Let x = 4 + z. Suppose -2*v + 2 - 24 = -2*d, x*v = 9. What is the remainder when d is divided by 8?
6
Suppose 2*f - 30 = -0*f. Suppose -3*b - f = -6*b. What is the remainder when (1 - -9)/(2/b) is divided by 13?
12
Suppose 95 = 4*m - 137. Suppose -s = 5*u - 15, -m = -3*s - 4*u - 2. What is the remainder when 39 is divided by s?
19
Let f = 3 + -7. Let i be (3/(-6))/(2/f). Calculate the remainder when 21 is divided by 12 + i + -2 + 1.
9
Suppose -5*r = -k + 13 + 42, -4*r = -5*k + 338. Calculate the remainder when k is divided by 18.
16
Let k(x) = -5*x. Let b be 2/5 + (-339)/(-15). Let s = -12 + b. What is the remainder when k(-4) is divided by s?
9
Suppose 2*g - 5 = 5. Let r = 11 - g. Suppose -r = -2*p, -3*h - 5*p = -h - 35. What is the remainder when 17 is divided by h?
7
Suppose 7 = 4*c - 1. Suppose -62 = -c*u + u. Calculate the remainder when u is divided by 21.
20
Let j = 50 + -21. Calculate the remainder when j is divided by 17.
12
Let k(b) = -5*b + 13. What is the remainder when k(-9) is divided by 20?
18
Suppose 21 = 3*w + 81. Let p = w - -55. Suppose -2*s + t + 0*t = -27, 5*s + 3*t - 51 = 0. What is the remainder when p is divided by s?
11
Suppose 2*x + 8 = 4*x. Let y = -1 + x. Suppose -y*o = 2*n - 38 + 7, -33 = -2*n - o. Calculate the remainder when n is divided by 9.
8
Suppose -4*w + 12 + 14 = 5*f, -2*f = 4*w - 8. Let a(x) = 2*x**2 + 9*x + 5. What is the remainder when a(-6) is divided by f?
5
Suppose 17 = 4*z - 7. What is the remainder when 26 is divided by z?
2
Let y = -3 + 1. Let f(s) = -2*s - 2. Let d be f(y). What is the remainder when -3*(d - (-132)/(-9)) is divided by 13?
12
Suppose -5*p - 8 - 7 = 0, 2*p - 42 = -4*y. What is the remainder when 22 is divided by y?
10
Suppose 0 = -3*w - 98 + 872. Suppose 4*g - w = g. Calculate the remainder when g is divided by 22.
20
Suppose 14 = 4*l - 170. What is the remainder when 90 is divided by l?
44
Let s(i) = -i**2 - 11*i - 10. What is the remainder when (-136)/(-6) + 1/3 is divided by s(-9)?
7
Suppose 3*t + t = 16. What is the remainder when 6/t + (-249)/(-6) is divided by 11?
10
Let p(s) = 10*s**2 + s - 4. Let o be p(-3). Calculate the remainder when 4/10 + o/5 is divided by (-1 + 2)*12/(-4) + 12.
8
Calculate the remainder when 3/(-3)*(-4 - 13) is divided by 7.
3
Suppose -5*h + 170 = -5*t, -3*t - 57 = -4*h + 76. Suppose r + 1 = 12. What is the remainder when h is divided by r?
9
Let p(t) be the third derivative of 3*t**4/4 - 2*t**2. Let b be p(2). Calculate the remainder when b + 6/(-2)*-1 is divided by 14.
11
Let u be 12/9 - (-2)/(-6). Suppose -k - 4*f + 7 = 0, 5*k + 5*f + u - 6 = 0. Let w(y) = -15*y**3 + y. What is the remainder when 27 is divided by w(k)?
13
Suppose 2 - 23 = -3*h + 3*d, 4*d + 12 = 0. Calculate the remainder when 6 is divided by h.
2
Calculate the remainder when 79 is divided by 2/3 + (-79)/(-3).
25
Let q be 1*-3*(-4)/6. Suppose 3 = 3*m + 5*x - 2, -q*m = 4*x. Calculate the remainder when 19 is divided by m.
9
Calculate the remainder when -6 + (-1 - -3) + 17 is divided by 4.
1
Suppose 6*z = -z + 168. Calculate the remainder when z is divided by 1/(-2*3/(-54)).
6
Let o(d) = -d**2 - 12*d. Let f(x) = -x - 24. Let a be f(-13). What is the remainder when 32 is divided by o(a)?
10
Calculate the remainder when 143 is divided by (-3)/(-2) + 6*23/4.
35
Suppose -7 = -0*q - q. Let b = 3 + q. Calculate the remainder when 29 is divided by b.
9
Let d(r) = -22*r - 2. What is the remainder when d(-1) is divided by 7?
6
Suppose -3*m = -4*h + 145, -m + 101 + 32 = 4*h. Let f(a) = a**3 - 21*a**2 - 71*a - 12. What is the remainder when h is divided by f(24)?
10
Suppose -3*o + 6 = -5*g + 1, 2*o = -2*g - 18. What is the remainder when 35 is divided by g/(-30) + (-804)/(-45)?
17
Let f = -24 - -34. What is the remainder when (-120)/(-25)*f/2 is divided by 24/(1 - -1) + 1?
11
Suppose 13*y = 15*y - 30. Calculate the remainder when (-2)/6 - (-175)/3 is divided by y.
13
Let h(l) = 7*l + 5. Calculate the remainder when h(3) is divided by 9.
8
Suppose -6*r = -3*r - 51. Suppose 5*v - r = 208. What is the remainder when v is divided by 16?
13
Suppose -5*a - 145 = -5*j, 0 = -0*j + 2*j - 5*a - 46. What is the remainder when 162 is divided by j?
30
Let x(m) = -17*m. Let j = 13 - 18. What is the remainder when x(j) is divided by 22?
19
Suppose 2*m - 3*j = 25, -2*m - j - 12 + 33 = 0. What is the remainder when 64 is divided by m?
9
Let r be ((-1)/1)/((-1)/159). Suppose 3*x + 5*i - 39 = 79, 0 = 4*x + 5*i - r. What is the remainder when x is divided by 14?
13
Let m(p) = -p**2 + 12*p - 16. Calculate the remainder when m(7) is divided by 9 - ((0 - 0) + 2).
5
Let j(d) be the third derivative of d**6/120 - d**5/12 - d**4/8 - 2*d**3/3 + d**2. What is the remainder when 27 is divided by j(6)?
13
Suppose 4*h - 4*a = 0, 2*a + 24 = -3*h - a. Let g(f) = -6*f - 4. Calculate the remainder when g(h) is divided by 11.
9
Suppose 3*j + j - 728 = -4*f, -5*j + 3*f + 918 = 0. What is the remainder when j is divided by 47?
42
What is the remainder when (-6 - -31) + (3 - 1) is divided by 15?
12
Let r = 6 + -6. Suppose r = u - 6*u + 120. What is the remainder when 3*1/(3/47) is divided by u?
23
Let b(h) = 7*h - 4. Let j(d) = -d**2 + 14*d - 9. Let o(w) = 5*b(w) - 2*j(w). What is the remainder when 24 is divided by o(-5)?
11
Suppose 26 = z + 7. Suppose 3*l - w = 34, 5*l + w - 36 = l. Let r = 17 - l. What is the remainder when z is divided by r?
5
Let z = 21 + -11. What is the remainder when 17 is divided by z?
7
Let t be (24/(-5))/(3/(-90)). Suppose -2*d + c - t = 0, 5*d + c + 360 = -0